by 23?
22
Let s = -60 + 58. Calculate the remainder when 14 is divided by -2 + 2*(-7)/s.
4
Let z = -44 - -65. What is the remainder when (-2)/(-2)*-4 - (-79 + 14) is divided by z?
19
Let n be (-2 + 4)/(1/(-2)). What is the remainder when 64 is divided by (-50)/n - (5 + 22/(-4))?
12
Let j = -617 + 945. What is the remainder when j is divided by 66?
64
Let y be (-6)/(-27) + 40/(-18). Let l = 3273 + -3228. What is the remainder when l is divided by 98/8 - y/(-8)?
9
Let r be 29 + (14 - 2)/(-3). Suppose 2*k - r = 5. What is the remainder when 35 is divided by k?
5
Suppose -186 = -4*q + 2*q. Let s = q - 2. What is the remainder when s is divided by (-2)/((4 - 2)/(0 - 23))?
22
Suppose 0 = t + 2, y - 2*y - 2 = 3*t. Let c(u) = -u**3 + 8*u**2 - 3*u - 14. Calculate the remainder when c(7) is divided by (-3)/((-3)/y)*1.
2
Suppose 70 + 26 = 8*t. Calculate the remainder when 19 is divided by t.
7
Let n = 10 + 98. Calculate the remainder when n is divided by 30.
18
Let n(t) = 2*t**2 + 9*t + 7. Let g be (-676)/4 + 2/(-2). Let q = -71 - g. Calculate the remainder when q is divided by n(-6).
24
Let g = 14 - 43. Let c = 1 - g. Calculate the remainder when c is divided by 11.
8
Calculate the remainder when 3*((-510)/(-18) - 0/(-2)) is divided by 45.
40
Suppose 36*k = 1452 - 264. Calculate the remainder when k is divided by 18.
15
Suppose 40*d - 5467 - 1493 = 0. What is the remainder when d is divided by 55?
9
Let n = 312 + -277. Calculate the remainder when n is divided by 9.
8
Suppose 0 = -5*p - 2*g + 5*g + 34, 3*p + 4*g - 3 = 0. Suppose -2*y + 6*y - 128 = -3*s, -2*s - p*y = -90. Calculate the remainder when s is divided by 14.
12
Suppose s = 5, 3*s = 2*g + 2*g - 89. What is the remainder when g is divided by 8?
2
Let x = 11 - 15. What is the remainder when 5 is divided by (-2)/(-2) - (2 + x)?
2
Let p = 104 - 101. Suppose -p*k + 27 = -c + 2*c, -k + 121 = 5*c. Calculate the remainder when 142 is divided by c.
22
Let i(g) = -25*g + 1. Let a(s) be the third derivative of 5*s**4/12 + s**3/6 - 9*s**2. Calculate the remainder when a(5) is divided by i(-1).
25
Let x(h) = -h**3 - 5 - 2*h**2 + h**2 + 1 + 1. Let n be x(0). Calculate the remainder when n - -2 - (-1 - 27) is divided by 10.
7
Let l(n) = -5*n + 5. Calculate the remainder when l(-16) is divided by 44.
41
Suppose -3*j + 8*j = 195. Let x(h) = h**2 + 2*h - 1. Let d be x(8). Suppose 4*f - q = d, -4*q = -f + 6*f - 125. Calculate the remainder when j is divided by f.
18
Suppose 4*u - 25 = -1. Suppose -39 = 5*l - 129. Calculate the remainder when l is divided by u.
0
Suppose -12*c + 249 = -15*c. Let k = -49 - c. What is the remainder when 166 is divided by k?
30
Let x = -35 - -38. Suppose -x*p + 112 = -95. What is the remainder when p is divided by 10?
9
Let c(y) = 5*y + 24. Let l be c(-11). Calculate the remainder when l/((-1)/(-6) - (-7)/(-14)) is divided by ((-16)/5)/((-4)/30).
21
Let a be 87/(-7) + 12/28. Let t(d) = -2*d - 21. What is the remainder when 6 is divided by t(a)?
0
Let i(g) be the third derivative of g**4/4 - g**3/3 + 6*g**2. Let o be i(3). Suppose h + 4 = o. What is the remainder when 45 is divided by h?
9
Let l = -83 + 125. Calculate the remainder when 105 is divided by l.
21
Suppose -48 = -4*i - 0*i. Suppose -14*n + i*n = -64. What is the remainder when n is divided by 18?
14
Suppose 7*r - 10*r = 0. Suppose r = 2*s - 9*s + 112. Calculate the remainder when 61 is divided by s.
13
Suppose -62*w + 13905 = 3861. What is the remainder when w is divided by 51?
9
Suppose 3*p - 5*a = -2*a + 48, -8 = -p + 5*a. Let g(v) = -20*v**2 + v**3 + 13*v**2 + 7*v**2 + 10. Calculate the remainder when p is divided by g(0).
8
Suppose 3*l + 3*t = 24, -5*l - 3*t + 33 - 3 = 0. Calculate the remainder when l is divided by 3.
0
Calculate the remainder when 3*2/(-2)*(-7406)/21 is divided by 18.
14
Suppose 3*k = -4*f + 435, -2*k + 4*f = -0*f - 290. Let t(i) = 41*i - 14. Let h be t(2). Let v = k - h. What is the remainder when v is divided by 16?
13
Suppose -4*j + 24 = 13*i - 9*i, -2*i - 3*j + 15 = 0. Suppose -2*x + i*x - 63 = 3*v, v = -4*x + 226. What is the remainder when x is divided by 10?
7
Suppose -8*g - 8*g + 1664 = 0. Calculate the remainder when g is divided by 34.
2
Let f = -3 + 3. Suppose 5*g + 5*q + f*q - 155 = 0, -q = -g + 23. Calculate the remainder when g is divided by (-15)/(6/6*-1).
12
Let i = 26 + -27. Let d be ((-8)/20 - i)*115. Let m = d - 39. What is the remainder when m is divided by 16?
14
Suppose 3*u = -3*j + 15, -27*j + 29*j - 14 = -u. Suppose 0 = -3*h + 3*x + 30, 2*h + 0*h = -x + 26. Let k = h - -3. What is the remainder when k is divided by j?
6
Let z be (-36)/90*-45*5. Suppose 3*i = 8*i - z. Suppose 3*a + 91 = 2*p - 14, 3*p - 4*a = 157. What is the remainder when p is divided by i?
15
Suppose 3*z - 50 = 2*r, 0*r + 36 = 2*z - 2*r. Let g(y) = -y + 37. Let b = 138 - 94. Calculate the remainder when b is divided by g(z).
21
Let p be ((-4)/8)/((-3)/12). Suppose 209 = 4*q + n, -3*n = p*q - n - 106. Calculate the remainder when q is divided by 9.
7
Let s(l) be the second derivative of l**5/20 + l**4/6 - 7*l**3/6 + 46*l. Calculate the remainder when 93 is divided by s(3).
21
Suppose 5*n - 152 = 2*k, 0*k - 100 = -3*n - k. Suppose 52 = 4*a - n. Calculate the remainder when 82 is divided by a.
19
Let m(h) = h**3 - 11*h**2 + 8*h - 4. Let r be m(10). What is the remainder when 92 is divided by r/(3/(-4 - -1))?
20
Suppose -1489 = -5*m + 2*z, -5*m + 5*z + 419 = -1061. What is the remainder when m is divided by 31?
20
Let b = -1 + -1. Let y be 6/b*(-30)/18. Suppose y*q + 282 = 8*q. What is the remainder when q is divided by 24?
22
Let v(r) = -21*r + 40. Calculate the remainder when v(-28) is divided by 127.
120
Suppose 0*m - 45 = -3*m. Suppose -2*y + m = 3*y. Suppose 0 = y*j - 6*j + 66. What is the remainder when j is divided by 6?
4
Let g(t) = -2*t**3 - 3*t**2 - 5*t - 3. Calculate the remainder when g(-2) is divided by 8.
3
Let p(k) = 109*k**2 - k. What is the remainder when p(-1) is divided by 37?
36
Suppose 7*z - 10*z = -270. Suppose -3*f - 18 = 4*w - 90, -f + z = 5*w. Let k(l) = 9*l**2 - 5*l + 4. Calculate the remainder when k(3) is divided by w.
16
Let p be -5 - -2 - (-3 + -2 + -1). Calculate the remainder when ((-14)/(-4))/((-1)/(-2)) is divided by 1 - (0 - p/1).
3
Let s be ((-11)/2)/((-1)/22). Let o = s - 65. Suppose -262 = -40*t + 251 + 247. Calculate the remainder when o is divided by t.
18
Let b be 2*(-1 - -6 - 4). Suppose -13 = -z - b*p, 3*p - 74 = -5*z - 9. Calculate the remainder when z is divided by 5.
3
Let k = 8 + -3. Let n = 21 - 18. Calculate the remainder when (-17)/(-3)*(6 - n) is divided by k.
2
Let m = 713 + -688. Calculate the remainder when m is divided by 2.
1
Let v = 624 - 543. Calculate the remainder when 1131 is divided by v.
78
Suppose 1 = -2*a + 4*j + 7, 5*a + 29 = -j. Let c(b) = -5*b - 6. Let v(o) = o**2 - 30*o - 8. What is the remainder when v(32) is divided by c(a)?
18
Let w = 38 - 34. Suppose 0 = -3*c - 2*c - 2*q + 216, -w*q = -12. Suppose -f + 3*a + 35 = -2*a, f - 2*a = 23. Calculate the remainder when c is divided by f.
12
Let d = 50 - 37. Suppose -5*s + 179 = -4*c, -5 = 2*c - d. What is the remainder when s is divided by 25?
14
Suppose -2*z + 18 = z. Suppose -f + 35 = -k - 10, 4*k + 148 = -4*f. Let u = 51 + k. Calculate the remainder when u is divided by z.
4
Let m(x) = -4*x**2 - 20*x + 39. Let k(b) = b**2 + b - 1. Let r(f) = -5*k(f) - m(f). Calculate the remainder when 32 - -2*(-1)/2 is divided by r(10).
15
Let h(n) = 6*n**2 + 19*n - 86. Calculate the remainder when 251 is divided by h(4).
79
Let i(h) = h**3 - 5*h**2 - 4*h - 4. Let p(k) = -k**3 - 63*k**2 - 64*k - 77. What is the remainder when p(-62) is divided by i(6)?
7
Let q be 16/6 - 4/6. Suppose 24 + 2 = q*d. Calculate the remainder when d is divided by 10.
3
Calculate the remainder when 106*1 + (104 - 102) is divided by 12.
0
Suppose -2*p + 2*g + 8 = -2, -g + 19 = 5*p. Let h = p + 1. Let r(y) = 4*y - 7. Calculate the remainder when 50 is divided by r(h).
11
Suppose 2*y = g - 168, 70 = -3*g - 5*y + 541. Calculate the remainder when g is divided by 40.
2
Suppose -4*a = 4*l - 538 - 686, 4*l = 4*a + 1264. What is the remainder when l is divided by 13?
12
Calculate the remainder when 87 is divided by (-17712)/(-205) + 2/(-